44 = -4*m - 3*w, 0 = -3*m + 3*w - 12. What is v(m)?
-6
Suppose 2*v + 2*v - 8 = 0. Let i(n) = n**3 + 2*n**3 - 4*n**3 + 2*n**2 - n - v*n**3. Calculate i(1).
-2
Let j(q) be the first derivative of 1/4*q**4 + 2*q**3 + 4 + 2*q**2 - 3*q. Determine j(-5).
2
Let u(v) = -v**2 + 5*v + 2. Let y(p) = -p**2 + 4*p + 2. Let t(a) = 3*u(a) - 4*y(a). Let c be (-2 - -2)/(-1*1). What is t(c)?
-2
Let x(v) = v**3 - 3*v**2 + 2*v + 1. Let s = -23 - -26. What is x(s)?
7
Let w(v) be the first derivative of -v**2 - 3*v + 9. Give w(-5).
7
Let k(h) = -h + 3. Let y be k(3). Let b(v) be the first derivative of -v**4/4 - v**2/2 + 4*v - 4. Let s be b(y). Let i(c) = c**2 - 2*c - 4. Calculate i(s).
4
Let w be -1 + (1 - -1) + 2. Let z(v) = v**3 + 2*v**2 - 2 - 2*v**3 - 6*v**2 - w*v. Let j = -28 + 24. Give z(j).
10
Let a(n) = -2*n - 7. Let w(v) = -3*v - 11. Let i(y) = 8*a(y) - 5*w(y). Suppose 0 = -15*c - 49 + 4. Calculate i(c).
2
Let g(t) be the first derivative of t**4/4 + 2*t**3 - t**2/2 - 9. Calculate g(-6).
6
Let j(v) = -5*v + 0 + 2*v**2 - 3*v**2 - 2. Suppose 0 = -5*q + 2*o - o + 9, 1 = o. Suppose k = -2*z - 12, -q*z - 2*k + 0 = 12. Give j(z).
-8
Let y(u) be the first derivative of u**4/4 + 2*u**3/3 + u**2/2 - u + 66. Let w(d) = d. Let t be w(-3). What is y(t)?
-13
Let w(v) = -5*v - 425 - v**2 + 425. Determine w(-6).
-6
Let k be 32/(-176) - (-2)/11. Let s(j) = j**2 + 2*j + 2*j**2 + k*j**2 - 2*j**2. Determine s(-3).
3
Let s be (3 - 2)*1*2/(-2). Let h(w) = 10*w**3 - 2*w - 1. What is h(s)?
-9
Let r(p) = -p**3 + 4*p**2 + 7*p - 6. Let b = -2 + -10. Let t = -7 - b. Determine r(t).
4
Let h(n) = -n**2 + n - 1. Let u(f) = f**3 - f**2 + 4 - 2 - 2*f - 2*f**2. Let t(p) = -h(p) + u(p). What is t(3)?
3
Let v(x) be the third derivative of 0 - 1/10*x**5 + 0*x - 5/24*x**4 - 5/6*x**3 - 1/120*x**6 - 2*x**2. Let t(b) = b + 5. Let p be t(-10). Determine v(p).
-5
Let j(h) = 2*h - 4. Let q be j(3). Let u be (-3 - -4) + (q - 0). Suppose 0 = x + u. Let v(k) = -k**3 - 2*k**2 + k + 3. What is v(x)?
9
Suppose -2*g - 3*g + 30 = 0. Let h(v) = -v**2 + 5*v - 1. Determine h(g).
-7
Let b(u) = -4. Let d(j) = -j - 1. Let l(i) = -2*b(i) + 2*d(i). Let y(v) = -9*v + 2*v**2 + v**3 + 3*v**2 + 0*v**3 + v**2 - 9. Let o be y(-7). Determine l(o).
-4
Let s = 2 - -1. Let p be s*1/(-1 - 0). Let r(t) be the third derivative of -t**4/8 - t**3/6 + 2*t**2. Give r(p).
8
Let a(c) = c - 8. Let t be a(10). Let m = t + 5. Let u(z) = -2 - z**2 + 0*z**2 + 2*z - m*z. What is u(-5)?
-2
Let g(m) = m**3 + 5*m**2 + m + 7. Let y be (-3)/1 - -4 - 6. Let f be g(y). Let v(a) = -a + 1 - a**f - a**2 + 5*a**2 - 4*a**2. Give v(-2).
-1
Let a(n) = 0*n + 24*n - 7*n + 5. Let l(k) = 4*k + 1. Let j(u) = 2*a(u) - 9*l(u). Determine j(2).
-3
Let r(h) be the second derivative of -7*h**5/120 + h**4/24 - h**3/2 + h. Let n(d) be the second derivative of r(d). Determine n(-1).
8
Let f(n) = n**3 - 6*n**2 + 7*n - 3. Let i(v) = -v**2 + v. Let b(a) = -f(a) + 3*i(a). What is b(2)?
-1
Let g(t) be the third derivative of -t**6/120 + t**5/20 + t**4/12 + t**3/6 + 2*t**2. Determine g(4).
-7
Let b = -7 + 13. Let d(t) = -t**2 + 4*t + 9. Calculate d(b).
-3
Let p be 6/8 - (-13)/4. Let w(q) = 4*q**2 - 2*q - 3 - 1 - 3*q**2. Determine w(p).
4
Suppose 25 = 5*k + 5*q - 10, -3*k - 2*q = -18. Let g(l) be the second derivative of 4*l + 0 - 3*l**2 + 1/2*l**3. Determine g(k).
6
Let l be (5/(-10))/(2/4). Let h(v) = -11*v**2 + 2*v + 1. Give h(l).
-12
Let b be 6/(-4)*4/(-3). Suppose 4 = -2*j - b*r + r, 5*j = -4*r - 16. Suppose j*q = -4*q - 4. Let z(x) = -4*x**2 - x. Give z(q).
-3
Let l(a) = a - 3. Let y(b) = -2*b + 2. Let f be y(1). Calculate l(f).
-3
Let q = 8 + -10. Let b(n) = -2*n**3 - 3*n**2 - 2*n - 1. Determine b(q).
7
Let n(o) be the third derivative of -5/3*o**3 + 2*o**2 + 0 - 1/24*o**4 + 0*o. Calculate n(-5).
-5
Let f(l) = l**2 - l. Let t(s) = s**3 - 2*s + 5. Let w(v) = 2*f(v) + t(v). Suppose -2*n - 5*m - 12 = n, n + 4 = -3*m. What is w(n)?
-11
Let d(n) = -5*n**3 - n**2 + 9*n - 1. Let b(y) = 11*y**3 + y**2 - 19*y + 3. Let j(k) = -4*b(k) - 9*d(k). Give j(-6).
-9
Let u = -13 + 18. Let n(g) = g**3 + 5*g**2 + 4*g + 3. Let d be n(-4). Let r(i) = -u*i + i + i + d. Give r(4).
-9
Suppose a = 3*a + 8. Let v be (a/3)/((-2)/9). Let k(r) = -r + 4. Calculate k(v).
-2
Let o(y) = 2*y + 2. Let j be o(0). Let a(n) = -n**2 + 2*n - 2. Calculate a(j).
-2
Let c be (1 + -2 - -2)*-2. Let p(w) = -w - 1. Let f(d) = -3*d - 4. Let h(s) = c*p(s) + f(s). Suppose 3*k - 10 = 5*k. What is h(k)?
3
Suppose -3*p + 5 = -7. Suppose -4*z = j + 3*j + p, 8 = 2*j - 3*z. Let t(m) = -11*m. Determine t(j).
-11
Let u = -69 + 68. Let m(l) be the third derivative of -l**4/12 + 2*l**2. What is m(u)?
2
Suppose 4*f - 5 = 15. Let o(z) be the third derivative of 0 + 0*z + 0*z**3 + 1/6*z**4 - 1/60*z**5 - 3*z**2. Give o(f).
-5
Let g(m) = m**2 - 14*m + 6. Let j be g(14). Let s(z) = z**3 - 6*z**2 + 2*z + 2. What is s(j)?
14
Let a be 1/7 + 10/(-70). Suppose 3*w - 3*g - 30 = a, g = -3*g - 16. Let t(h) = h**2 - 7*h. Determine t(w).
-6
Let g(p) = 11*p**2 - 3*p - 5. Let c(a) = 7*a**2 - 2*a - 3. Let s(f) = 8*c(f) - 5*g(f). Let v(y) = -2*y**2 + 6*y - 1. Let w(z) = s(z) + v(z). Determine w(5).
0
Let w(i) = i**2 - 7*i - 1. Suppose 0*t = -2*t + 10. Let r(c) = c**2 - 8*c - 1. Let p(v) = t*r(v) - 6*w(v). Determine p(3).
-2
Let l(k) = 3*k + 2. Suppose 2*t = -3*h + 14, 3*t + 23 = 5*h - 4*h. Let n = h - 7. Let y be n/(((-6)/(-4))/3). What is l(y)?
8
Suppose 0 = -j - 5 + 3, 5*j - 25 = -5*q. Let p(k) = 4 - 1 + 6*k - q*k + 2*k. Give p(-3).
0
Let u(n) = n + 9. Let m be u(-7). Let l(b) = 0*b - b**2 + 4 + 4*b + m*b + 2*b**2. What is l(-6)?
4
Let r(d) = -d - 1. Let h(k) = 6*k + 5. Let a(l) = h(l) + 4*r(l). What is a(5)?
11
Suppose 8 - 35 = -4*v - 5*r, -3*v + r = -6. Let q(o) be the second derivative of -o**5/20 + o**4/6 + o**3/2 - 2*o**2 - o. Give q(v).
-4
Suppose -2*a = 4*g + 26, 5*g + 2*a = -0*g - 32. Let i(b) = b**3 + 7*b**2 + 9*b + 4. Calculate i(g).
-14
Let v(l) be the first derivative of -l**5/40 + l**3/3 + 1. Let b(u) be the third derivative of v(u). What is b(-2)?
6
Let s = 5 + -4. Let f be 3 - 4*2/4. Let x(h) = -2 + 2*h + f + 2. Calculate x(s).
3
Let i(m) be the third derivative of m**6/72 + m**4/24 - m**2. Let w(b) be the second derivative of i(b). Let s = -163 + 162. Calculate w(s).
-10
Suppose 0 = -3*g + 4*g - 23. Suppose 3*y + 0*y + 5*l = g, -3*l = -3*y - 9. Let o = -1 + y. Let m(c) = c + 3. Determine m(o).
3
Let r(u) be the first derivative of -3*u**2/2 - 3. What is r(-1)?
3
Let t(c) = -c**2 + 3*c - 3. Let i(k) = -k**3 - 5*k**2 - 3*k + 8. Let p be i(-4). Give t(p).
-7
Let y(b) = b + 9. Let s be y(-7). Suppose 0*v + 10 = s*v + a, v = 5*a - 17. Let h(o) = 5 + 4*o**3 - 4 + 2*o**v. Give h(-1).
-5
Let m(r) be the first derivative of 5*r**2 - 31. Determine m(-1).
-10
Let f(u) = -2*u**2 - 3*u - u**2 + 4*u**2 - 8 + 4*u. Suppose 0 = -2*l + 9 - 3. Suppose l*i = 2*i. Give f(i).
-8
Let v(n) = -n**3 + 7*n**2 + 10*n - 9. Suppose 0 = -19*b + 23*b - 32. Give v(b).
7
Let y(u) = 7 - 3 + 0*u**3 + 3 - 5*u**2 - 2*u + u**3. Let c be y(5). Let x(s) = -s**2 + s - 1. What is x(c)?
-13
Let q(t) be the second derivative of 1/20*t**5 - t**2 + 1/4*t**4 - 1/2*t**3 + 0 - 6*t. What is q(-2)?
8
Let u(j) be the first derivative of j**4/4 - 2*j**3/3 - j**2/2 + j - 2. Let q be (-8)/(-12) - 21/(-9). Calculate u(q).
7
Let r = -135 + 140. Let x(s) = -s**3 + 5*s**2 - 2*s + 7. Determine x(r).
-3
Let p(k) = k**3 - 6*k**2 - 9*k + 4. Let h be p(7). Let i = h + 6. Let o(l) = -9*l - 15. Let q(y) = -5*y - 8. Let d(u) = i*o(u) + 7*q(u). Give d(-4).
0
Let o(l) be the first derivative of 1/3*l**3 - l**2 + l - 2. What is o(1)?
0
Let a(h) be the first derivative of 4 + 0*h**2 + 1/60*h**5 - 5/24*h**4 - 2/3*h**3 + 0*h. Let b(i) be the third derivative of a(i). Give b(5).
5
Let u(x) = -2 + 8*x - 33*x + 16*x. What is u(-2)?
16
Let h(d) = -5*d**3 - 2*d + 1. Let b be h(1). Let z be (1/2)/(b/(-24)). Let v(r) = r**3 - 6*r**2 + 3*r - z*r + 5*r. Determine v(4).
-8
Let r(z) = -3*z - 5. Let v(l) = 4*l + 5. Let q be ((-4)/(-6))/((-6)/36). Let h(w) = q*v(w) - 5*r(w). Suppose -5*p + 2 = -4*a - 6, -4*p - a = -19. What is h(p)?
1
Suppose 0 = -9*d + 4*d. Suppose d*z = -4*z - 20. Let t(p) = -1. Let h(y) = -2*y - 8. Let x(w) = h(w) - 5*t(w). Determine x(z).
7
Suppose -1 = 2*z - 7. Let t(f) = -4*f**3 + 2*f**z